{"id":86,"date":"2012-04-11T12:10:33","date_gmt":"2012-04-11T11:10:33","guid":{"rendered":"http:\/\/localhost\/site\/?page_id=86"},"modified":"2026-01-04T10:14:35","modified_gmt":"2026-01-04T09:14:35","slug":"radlertreff","status":"publish","type":"page","link":"http:\/\/www.gaestehaus-klinger-tongisch.at\/?page_id=86","title":{"rendered":"Radlertreff"},"content":{"rendered":"\n<figure class=\"wp-block-image alignwide\"><img loading=\"lazy\" decoding=\"async\" width=\"900\" height=\"366\" src=\"http:\/\/www.gaestehaus-klinger-tongisch.at\/wp-content\/uploads\/Radlertreff_4-2-1.jpg\" alt=\"\" class=\"wp-image-561\" srcset=\"http:\/\/www.gaestehaus-klinger-tongisch.at\/wp-content\/uploads\/Radlertreff_4-2-1.jpg 900w, http:\/\/www.gaestehaus-klinger-tongisch.at\/wp-content\/uploads\/Radlertreff_4-2-1-300x122.jpg 300w, http:\/\/www.gaestehaus-klinger-tongisch.at\/wp-content\/uploads\/Radlertreff_4-2-1-768x312.jpg 768w\" sizes=\"auto, (max-width: 900px) 100vw, 900px\" \/><\/figure>\n\n\n\n<p class=\"has-dark-brown-color has-off-white-background-color has-text-color has-background has-medium-font-size\">Sie unternehmen sicher gerne ausgedehnte Ausfl\u00fcge mit Ihrem Fahrrad in die einzigartige Natur. Unsere Region ist ein Paradies f\u00fcr Radfahrer.<br> <br>Der beliebte, 138km lange Neusiedlersee-Radweg B10 f\u00fchrt direkt an unserem Radlertreff, zwischen Apetlon und Pamhagen vorbei. F\u00fcr eine Rast zwischendurch bieten wir Ihnen Getr\u00e4nke, verschiedene Brote und Platten und meistens auch die bekannten Apetloner &#8222;Balasn&#8220; an. <br> <br>Genie\u00dfen Sie bei einem Glas Wein den wundersch\u00f6nen Sonnenuntergang im Nationalpark.<br> <br>Dieser Treffpunkt f\u00fcr Radfahrer und anderen G\u00e4sten ist auch ein \u00f6ffentlich von der EU anerkannter Designer &#8211; Rastplatz. <br><\/p>\n\n\n\n<p class=\"has-text-align-center\"><strong>F\u00fcr Reservierungen und Bestellungen:<\/strong><\/p>\n\n\n\n<p class=\"has-text-align-center\">Herbert Klinger: +43 664 \/ 47 47 188<\/p>\n\n\n\n<p class=\"has-dark-brown-color has-off-white-background-color has-text-color has-background has-medium-font-size\"><br><strong>Termine SAUGRILLEN 2026:<\/strong>\u00a0\u00a0\u00a0 <br><em>04.07.2026<br>08.08.2026<\/em><br> <br>NEU: E-Bike Tankstelle <br><\/p>\n\n\n\n<p><\/p>\n","protected":false},"excerpt":{"rendered":"<p>Sie unternehmen sicher gerne ausgedehnte Ausfl\u00fcge mit Ihrem Fahrrad in die einzigartige Natur. Unsere Region ist ein Paradies f\u00fcr Radfahrer. Der beliebte, 138km lange Neusiedlersee-Radweg B10 f\u00fchrt direkt an unserem Radlertreff, zwischen Apetlon und Pamhagen vorbei. F\u00fcr eine Rast zwischendurch bieten wir Ihnen Getr\u00e4nke, verschiedene Brote und Platten und meistens auch die bekannten Apetloner &#8222;Balasn&#8220;&hellip; <a class=\"more-link\" href=\"http:\/\/www.gaestehaus-klinger-tongisch.at\/?page_id=86\"><span class=\"screen-reader-text\">Radlertreff<\/span> weiterlesen<\/a><\/p>\n","protected":false},"author":1,"featured_media":0,"parent":0,"menu_order":3,"comment_status":"closed","ping_status":"closed","template":"","meta":{"footnotes":""},"class_list":["post-86","page","type-page","status-publish","hentry","entry"],"_links":{"self":[{"href":"http:\/\/www.gaestehaus-klinger-tongisch.at\/index.php?rest_route=\/wp\/v2\/pages\/86","targetHints":{"allow":["GET"]}}],"collection":[{"href":"http:\/\/www.gaestehaus-klinger-tongisch.at\/index.php?rest_route=\/wp\/v2\/pages"}],"about":[{"href":"http:\/\/www.gaestehaus-klinger-tongisch.at\/index.php?rest_route=\/wp\/v2\/types\/page"}],"author":[{"embeddable":true,"href":"http:\/\/www.gaestehaus-klinger-tongisch.at\/index.php?rest_route=\/wp\/v2\/users\/1"}],"replies":[{"embeddable":true,"href":"http:\/\/www.gaestehaus-klinger-tongisch.at\/index.php?rest_route=%2Fwp%2Fv2%2Fcomments&post=86"}],"version-history":[{"count":36,"href":"http:\/\/www.gaestehaus-klinger-tongisch.at\/index.php?rest_route=\/wp\/v2\/pages\/86\/revisions"}],"predecessor-version":[{"id":715,"href":"http:\/\/www.gaestehaus-klinger-tongisch.at\/index.php?rest_route=\/wp\/v2\/pages\/86\/revisions\/715"}],"wp:attachment":[{"href":"http:\/\/www.gaestehaus-klinger-tongisch.at\/index.php?rest_route=%2Fwp%2Fv2%2Fmedia&parent=86"}],"curies":[{"name":"wp","href":"https:\/\/api.w.org\/{rel}","templated":true}]}}